1
Calculate the greatest common divisor of 177 and 1121.
59
What is the highest common factor of 1090 and 10?
10
What is the highest common factor of 12 and 5388?
12
What is the highest common factor of 83 and 913?
83
What is the greatest common factor of 7852 and 453?
151
Calculate the highest common factor of 700 and 225.
25
Calculate the greatest common factor of 306 and 36.
18
What is the greatest common divisor of 6 and 22?
2
Calculate the greatest common divisor of 2628 and 54.
18
What is the greatest common divisor of 3632 and 16?
16
Calculate the greatest common factor of 45 and 125.
5
What is the greatest common divisor of 3546 and 18?
18
Calculate the highest common divisor of 110 and 2090.
110
Calculate the greatest common factor of 270 and 115.
5
Calculate the greatest common divisor of 76 and 190.
38
Calculate the greatest common factor of 18711 and 22.
11
What is the highest common divisor of 784 and 490?
98
Calculate the greatest common factor of 1305 and 348.
87
What is the highest common divisor of 1134 and 84?
42
What is the greatest common factor of 22 and 121?
11
Calculate the greatest common divisor of 1645 and 1974.
329
Calculate the greatest common factor of 475 and 2.
1
What is the highest common factor of 352 and 72?
8
What is the highest common divisor of 161 and 92?
23
Calculate the highest common factor of 142 and 1349.
71
What is the highest common factor of 1351 and 4439?
193
Calculate the greatest common factor of 34 and 578.
34
What is the greatest common divisor of 772 and 579?
193
Calculate the greatest common factor of 126 and 224.
14
Calculate the greatest common divisor of 620 and 70.
10
What is the greatest common divisor of 3220 and 700?
140
What is the highest common factor of 412 and 3502?
206
Calculate the highest common factor of 22 and 65494.
22
What is the highest common divisor of 81 and 99?
9
Calculate the greatest common divisor of 420 and 360.
60
What is the greatest common factor of 23 and 29?
1
What is the greatest common factor of 8 and 12?
4
Calculate the greatest common divisor of 540 and 300.
60
What is the highest common factor of 1804 and 286?
22
What is the greatest common divisor of 255 and 170?
85
What is the greatest common factor of 544 and 17?
17
What is the highest common divisor of 246 and 90?
6
What is the greatest common factor of 14076 and 1035?
207
What is the greatest common factor of 30 and 1350?
30
Calculate the highest common divisor of 26988 and 312.
156
Calculate the highest common factor of 112 and 273.
7
What is the highest common divisor of 432 and 584?
8
What is the greatest common factor of 1533 and 42?
21
Calculate the highest common divisor of 2530 and 2990.
230
What is the greatest common factor of 88 and 1256?
8
What is the highest common factor of 80 and 824?
8
What is the greatest common factor of 47 and 3102?
47
Calculate the highest common factor of 48 and 36.
12
What is the greatest common factor of 24 and 44?
4
Calculate the highest common divisor of 364 and 1204.
28
Calculate the highest common factor of 49 and 343.
49
Calculate the highest common factor of 3 and 1383.
3
What is the highest common factor of 3591 and 5859?
189
Calculate the greatest common factor of 6 and 16.
2
Calculate the greatest common divisor of 56 and 210.
14
What is the greatest common divisor of 91 and 676?
13
What is the greatest common factor of 12348 and 49?
49
Calculate the greatest common factor of 330 and 30.
30
Calculate the highest common divisor of 423 and 18.
9
Calculate the highest common factor of 266 and 98.
14
Calculate the greatest common divisor of 51 and 12.
3
What is the greatest common divisor of 1311 and 345?
69
What is the highest common divisor of 61 and 122?
61
Calculate the highest common factor of 515 and 27295.
515
Calculate the greatest common divisor of 1239 and 56.
7
What is the highest common factor of 528 and 11?
11
Calculate the highest common factor of 260 and 195.
65
What is the highest common factor of 123 and 1066?
41
Calculate the greatest common divisor of 7579 and 143.
143
Calculate the greatest common factor of 489 and 1141.
163
What is the greatest common factor of 14 and 154?
14
Calculate the greatest common factor of 81 and 171.
9
Calculate the highest common divisor of 57 and 76.
19
What is the greatest common divisor of 3432 and 24?
24
What is the highest common factor of 19 and 3876?
19
What is the highest common factor of 20 and 52?
4
What is the highest common divisor of 1456 and 1568?
112
Calculate the highest common divisor of 54253 and 239.
239
Calculate the highest common factor of 270 and 150.
30
Calculate the highest common divisor of 24 and 456.
24
What is the highest common factor of 4128 and 64?
32
Calculate the greatest common factor of 29 and 1711.
29
Calculate the greatest common divisor of 88 and 913.
11
What is the highest common divisor of 99 and 3168?
99
Calculate the highest common divisor of 567 and 35.
7
What is the greatest common factor of 26 and 16887?
13
What is the highest common factor of 5675 and 75?
25
Calculate the highest common divisor of 209 and 2641.
19
Calculate the greatest common divisor of 406 and 2184.
14
What is the greatest common factor of 24 and 30?
6
Calculate the greatest common divisor of 5 and 77.
1
Calculate the greatest common factor of 361 and 171.
19
Calculate the greatest common divisor of 40 and 280.
40
What is the highest common divisor of 33 and 132?
33
What is the greatest common factor of 1412 and 8?
4
Calculate the highest common factor of 117 and 780.
39
Calculate the greatest common divisor of 8757 and 27.
9
Calculate the highest common divisor of 3 and 1299.
3
What is the greatest common divisor of 165 and 275?
55
What is the greatest common factor of 221 and 4131?
17
Calculate the highest common divisor of 29370 and 33.
33
Calculate the greatest common divisor of 800 and 96.
32
What is the greatest common divisor of 40 and 98?
2
What is the highest common factor of 63 and 2604?
21
Calculate the highest common factor of 262 and 17423.
131
Calculate the highest common factor of 8 and 104.
8
Calculate the highest common divisor of 63 and 420.
21
Calculate the greatest common divisor of 13 and 65.
13
Calculate the greatest common divisor of 286 and 396.
22
Calculate the greatest common factor of 6 and 3750.
6
What is the greatest common divisor of 25488 and 27?
27
Calculate the greatest common factor of 9 and 51.
3
What is the greatest common factor of 11 and 15191?
11
Calculate the highest common divisor of 124 and 1147.
31
What is the greatest common divisor of 15099 and 63?
21
What is the highest common divisor of 6 and 22?
2
What is the greatest common divisor of 506 and 414?
46
Calculate the greatest common factor of 204 and 40188.
204
What is the greatest common divisor of 189 and 13797?
189
What is the greatest common factor of 46 and 19159?
23
Calculate the greatest common divisor of 2 and 1372.
2
Calculate the highest common divisor of 4214 and 147.
49
What is the greatest common factor of 1065 and 165?
15
Calculate the greatest common factor of 13 and 5200.
13
Calculate the greatest common factor of 19 and 16739.
19
Calculate the highest common factor of 3 and 1.
1
Calculate the greatest common divisor of 225 and 175.
25
What is the greatest common factor of 224 and 512?
32
Calculate the greatest common factor of 298 and 447.
149
What is the greatest common factor of 1600 and 125?
25
Calculate the greatest common factor of 1197 and 3059.
133
Calculate the greatest common divisor of 444 and 36.
12
What is the highest common divisor of 1431 and 108?
27
What is the greatest common factor of 89 and 178?
89
Calculate the highest common divisor of 261 and 1332.
9
What is the greatest common factor of 187 and 1309?
187
Calculate the highest common divisor of 52 and 104.
52
What is the greatest common factor of 21 and 98?
7
Calculate the greatest common factor of 2071 and 218.
109
What is the highest common factor of 7 and 73?
1
Calculate the greatest common factor of 136 and 344.
8
What is the greatest common factor of 81 and 432?
27
Calculate the greatest common factor of 165 and 585.
15
Calculate the greatest common divisor of 84 and 3584.
28
What is the greatest comm